-1 - -9)/2. What is the greatest common divisor of 2 and t?
2
Let i(l) = -l**3 + 3*l**2 + 5. Let y be i(3). Calculate the greatest common divisor of 25 and y.
5
Suppose -4*k - 156 = -3*h - 2*k, -2*k + 244 = 5*h. Calculate the highest common factor of h and 2.
2
Suppose -u + 3 = -2*u + 3*i, 2*i - 8 = 0. Suppose a = 4*a - u. Calculate the greatest common divisor of a and 6.
3
Let z = 5 - -3. What is the greatest common factor of z and 8?
8
Let r be ((-2)/(-4))/((-2)/(-4)). Suppose 3*z - r = 14. Calculate the greatest common factor of z and 45.
5
Suppose -j + 4*q = 3 - 1, j - 4 = -2*q. Let g be -2 + 0 - (-1 - 33). Let u = -18 + g. Calculate the greatest common divisor of j and u.
2
Let m be 4/1 + -2 - -10. Let b = 375 + -243. What is the highest common factor of b and m?
12
Let g = 16 + -7. What is the highest common factor of 99 and g?
9
Let i = 127 - 114. Calculate the highest common factor of 39 and i.
13
Suppose v = 4*h + 29, -2*v + 18 = -3*h - 20. Let k = -8 + v. Suppose 4*g - d = 4, g + k*d - 6 = 4*d. What is the highest common factor of g and 3?
1
Let f be (-69)/(-4) + 5/(-20). Calculate the highest common divisor of 221 and f.
17
Let c(a) = a**2 - 7*a + 13. Let m be c(13). Calculate the greatest common divisor of 13 and m.
13
Let d be 117/24 + 3/24. Calculate the highest common factor of 5 and d.
5
Let b = -230 + 374. Suppose -30 = 3*v + 3*w - 9, -2*v - 4*w = 24. Let i be 16 - (-3)/((-3)/v). Calculate the highest common factor of i and b.
18
Let i(f) = -f + 1. Let v be i(-3). Suppose -3*t - 85 = -5*w + 9, -v*t - 3*w - 135 = 0. Let h be 3 + 2/((-6)/t). What is the greatest common divisor of h and 21?
7
Let q(g) = 3*g - 3. Let d be q(2). Suppose 8 = 2*p + n, -d*p + 3*n = 2*p + 2. Suppose 0 = p*f + f - 15. What is the greatest common factor of 10 and f?
5
Let f(m) = m**3 - 4*m**2 + 3*m - 1. Let d be (-21)/(-6) - 1/(-2). Let b be f(d). What is the greatest common factor of b and 33?
11
Suppose 9 - 1 = 4*g. Suppose -g*f - 2 = -6. Calculate the highest common divisor of 18 and f.
2
Let q(z) be the second derivative of 0 + 3*z - 1/20*z**5 - z**2 + 1/6*z**3 + 5/12*z**4. Let h be q(5). Calculate the greatest common divisor of 24 and h.
3
Let f = 35 - 17. Let m = 25 - f. Let t = 78 - 57. Calculate the highest common factor of m and t.
7
Let p = 6 + -9. Let n be ((-9)/(-3))/3 + p. Let l = n - -5. Calculate the highest common divisor of l and 33.
3
Suppose -2*q - 40 = -7*q + l, 4*q - 5*l - 32 = 0. Let v(a) = 76*a + 460. Let b be v(-6). What is the highest common divisor of q and b?
4
Let l(j) = 129*j + 9. Let i be l(3). What is the highest common divisor of i and 44?
44
Let u(h) = h**2 - 4*h + 9. Let j be u(6). Calculate the highest common divisor of j and 3.
3
Let y(d) = 5*d - 1. Suppose -4*b - 3*x + 1 = -5*b, 2*b - 4 = 3*x. Let m be y(b). Calculate the highest common divisor of m and 4.
4
Suppose -p + 30 = -77. Suppose -4*u - 2*n + p = -n, -4*u - 3*n = -113. Calculate the highest common factor of 39 and u.
13
Let g = 34 + 89. Suppose -11 + g = 4*y - 5*o, 2*o = 2*y - 56. What is the highest common factor of y and 4?
4
Let x be (-2 + 1)/((-3)/15). Suppose -x*i + 5 = -10. Let s = 37 - 10. Calculate the highest common factor of i and s.
3
Let u be ((-1)/(-2))/(5/(-20)). Let m = 6 + u. Suppose -m*n + 5*n = 77. Calculate the greatest common factor of 11 and n.
11
Suppose -4*g + 10 + 30 = 0. Suppose 3*t - 216 = -t. Suppose -t + 4 = -2*m. Calculate the highest common factor of m and g.
5
Let x(m) = -m**3 + 9*m**2 - 11*m + 6. Let p be x(8). Let r = p + 25. Let l(v) = v + 7. Let f be l(r). What is the greatest common factor of 42 and f?
14
Let h(x) be the third derivative of x**4/24 - 2*x**3/3 + 3*x**2. Let t be h(9). What is the highest common divisor of t and 40?
5
Suppose 3*a + 4*r = 36 + 2, 0 = -2*a - 2*r + 24. Let d be 278/4 + 1/2. What is the greatest common divisor of a and d?
10
Suppose 42 = 7*f - 14. What is the greatest common divisor of 16 and f?
8
Let w be 1 + -2 + 3 - -119. Let d(v) = -12*v**3 - v**2 - v - 1. Let n be d(-1). Calculate the greatest common factor of w and n.
11
Suppose o + 317 = 5*m, -7*m + 181 = -4*m + 4*o. Calculate the highest common divisor of m and 21.
21
Let u = -1 - -1. Suppose -2*t + 6*t = 16. Suppose -t*k + 3*v + 45 = u, 3*k - 5*v - 60 = -2*k. Calculate the highest common factor of 45 and k.
9
Let a = -26 + 46. Calculate the highest common divisor of a and 4.
4
Suppose 0 = -4*y - y. Suppose y = -r + 11 - 2. What is the greatest common divisor of 3 and r?
3
Let j be 9 + 29 + (-2 - (2 - 2)). What is the highest common divisor of j and 48?
12
Suppose 2*x + 5 = 15. Let k(m) = m + 2. Let z be k(x). What is the greatest common factor of z and 56?
7
Suppose 2*x = 11*x - 243. What is the greatest common factor of 18 and x?
9
Suppose -7*c = 113 - 337. Calculate the greatest common divisor of c and 16.
16
Suppose 4*a + 20 = 0, -2*q + 220 = -0*q + 2*a. Let t = -52 + q. What is the highest common divisor of 42 and t?
21
Let m = -76 - -118. What is the greatest common factor of m and 63?
21
Suppose 3*r = 2*m + 5 + 5, -4*r - 4*m - 20 = 0. Suppose 2 = 2*x - r. Let d be ((-75)/6)/(x/(-2)). What is the greatest common factor of d and 5?
5
Let h be (880/48)/((-1)/(-3)). What is the greatest common divisor of h and 11?
11
Suppose 0 = -3*p + w + 79, 0 = -2*p + w - 26 + 79. What is the highest common factor of p and 13?
13
Let y be ((-22)/(-55))/(2/80). Let n be 1/(2/(1*4)). Suppose 0 = k - 0*k - n. Calculate the highest common divisor of y and k.
2
Let s be (-654)/(-33) - 12/(-66). Calculate the greatest common factor of 80 and s.
20
Let p(f) = f**3 + 4*f**2 - 5*f + 4. Let d be p(-5). Let k be 47/4 + 1/d. Let w be -1*(6 + -2) - -136. Calculate the highest common factor of k and w.
12
Let g = -17 - -32. What is the highest common divisor of g and 10?
5
Let p be 534/27 + -1 + 55/45. What is the highest common factor of 80 and p?
20
Let o(m) = -3*m - 2. Let r be o(2). Let h(g) = g**3 + 8*g**2 - 3*g - 11. Let q be h(r). Calculate the greatest common divisor of 65 and q.
13
Suppose -66 = -z - 61. What is the greatest common divisor of z and 25?
5
Suppose -u + p + 0 + 5 = 0, 0 = -3*u - 3*p + 3. Let s = u + -2. Let d be s/3 - 125/(-3). What is the greatest common divisor of 105 and d?
21
Suppose -7*j + 3*j + 8 = 0. Let h = 2 + j. Suppose 27 = 3*c - 9. Calculate the greatest common divisor of h and c.
4
Let g(a) = 12*a. Let m be g(-5). Let h be (1/3)/((-4)/m). What is the greatest common divisor of 35 and h?
5
Suppose 2*u - 12 = 4*r, -4*u + 8 = -3*u - 3*r. Suppose -u*a - 18 = g - 5*g, -a = g - 3. Let k be a*(2 - 23)*2. Calculate the highest common divisor of k and 28.
14
Let u be 27/(-2)*(-10)/15 - 3. Calculate the highest common factor of 3 and u.
3
Suppose 4*o = 120 + 124. What is the greatest common divisor of o and 488?
61
Let t(i) = -i**3 - 4*i**2 + 5. Let v be t(-4). Let a be (1/(-3))/((-7)/(-147))*-5. What is the highest common factor of a and v?
5
Let u(f) = -2*f**2 + 18*f - 7. Let b be u(7). Let w = b + -17. Calculate the greatest common divisor of w and 16.
4
Let u(k) = 4*k**2 - 3*k + 3. Let o be u(5). Let v(h) = 3*h**2 + 33*h - 28. Let d be v(-12). What is the greatest common divisor of d and o?
8
Let n be 8/(-4) + 0 + 65. What is the highest common divisor of n and 18?
9
Let j = 137 - 74. Calculate the greatest common divisor of 7 and j.
7
Suppose d = 5*d - 88. Calculate the highest common divisor of d and 55.
11
Let j be 1 + (-3 - -3)/(-1). Calculate the highest common divisor of j and 7.
1
Let d be 6/(-9)*-15 - 0. Calculate the highest common divisor of d and 10.
10
Let r be (-26)/(-1) - (-1)/1. Let o(p) = -p**2 - 9*p - 9. Let c be o(-6). Let l = -6 + c. What is the greatest common factor of l and r?
3
Suppose 5*g = 4 + 6. Let a(h) = h + 10. Let v be a(8). What is the greatest common divisor of g and v?
2
Let d = -19 + 27. Suppose 0 = -5*z - d + 68. Calculate the greatest common divisor of z and 36.
12
Let x(z) = -z**2 + 13*z + 8. Let n be x(7). What is the greatest common factor of n and 20?
10
Let t be (-3)/(-6)*-2 - -67. What is the greatest common factor of 165 and t?
33
Suppose d = -3*p + 2 + 1, 0 = -d - 3. Calculate the greatest common divisor of 5 and p.
1
Let b be -6 + 8 - -23*2. What is the greatest common divisor of b an